
Let k(w) = -11*w - 23. Give k(3).
-56
Let d(n) = -n**2 + 11*n + 135. Calculate d(19).
-17
Let p(j) = 7*j - 28. Calculate p(5).
7
Let z(p) = 28*p - 782. What is z(28)?
2
Let h(m) = -m**3 - 5*m**2 - m - 26. Calculate h(-8).
174
Let n(t) = 626*t**3 - t**2 + 26*t + 28. What is n(-1)?
-625
Let r(n) = 8*n**2 - 212*n + 641. Calculate r(23).
-3
Let b(v) = -167*v - 1508. Give b(-9).
-5
Let i(d) = 4*d**2 - 104*d - 79. What is i(27)?
29
Let q(l) = -164*l + 1803. Calculate q(11).
-1
Let h(s) = -11*s - 270. Determine h(-28).
38
Let h(f) = f**3 + 38*f**2 + 374*f + 17. What is h(-18)?
-235
Let f(y) = 37*y. Give f(-1).
-37
Let m(y) = 114*y + 212. What is m(-1)?
98
Let k(a) = -a**3 + 6*a**2 + 166*a - 797. Determine k(5).
58
Let m(t) = 2*t**3 + 212*t**2 + 415*t - 5. What is m(-2)?
-3
Let j(i) = 2*i**2 - 422*i + 5149. Calculate j(13).
1
Let r(z) = -250*z - 3259. Determine r(-13).
-9
Let x(j) = j**3 + 4*j**2 - 2*j - 4. Determine x(2).
16
Let i(f) = -63*f + 713. Give i(11).
20
Let d(u) = 3*u**2 + 78*u + 425. Calculate d(-18).
-7
Let u(z) = z**2 - 40*z - 1613. What is u(66)?
103
Let d(v) = -v**2 - 17*v + 806. Calculate d(-38).
8
Let w(a) = -7*a**3 - 151*a**2 - 72*a + 247. Calculate w(-21).
-5
Let o(v) = -161*v**3 - 3*v**2 - 4*v + 6. Calculate o(1).
-162
Let h(n) = -n**2 + 9*n + 6. Calculate h(0).
6
Let g(o) = -7*o**3 - o**2 + 46*o - 45. Determine g(1).
-7
Let u(r) = 5045*r + 30255. Give u(-6).
-15
Let d(q) = -2*q**3 - 34*q**2 + 19*q + 24. Calculate d(-18).
330
Let s(f) = 2*f**3 - 91*f**2 - 241*f + 47. What is s(48)?
-1
Let z(n) = 26*n**2 + 2*n + 3. Calculate z(-2).
103
Let n(g) = -22*g**2 + 1133*g + 1743. What is n(53)?
-6
Let x(f) = f**3 + 61*f**2 - 4*f - 230. What is x(-61)?
14
Let p(y) = -y**2 - 59*y - 360. Calculate p(-7).
4
Let f(d) = 1176*d + 9397. Determine f(-8).
-11
Let o(s) = 1160*s - 8124. What is o(7)?
-4
Let t(m) = 254*m - 12454. Determine t(49).
-8
Let w(j) = -j**3 - 11*j**2 + 102*j - 43. Give w(-17).
-43
Let t(k) = -k**3 - 3*k**2 + 2068*k + 7. Determine t(-47).
7
Let n(f) = 16*f + 407. Determine n(-36).
-169
Let p(y) = -53*y - 9. What is p(-1)?
44
Let r(u) = -u**3 - 50*u**2 - 410*u - 74. What is r(-10)?
26
Let q(p) = 90*p - 12785. Give q(142).
-5
Let f(l) = 4*l**3 + 139*l**2 - 43*l - 264. Give f(-35).
16
Let i(f) = -25*f**3 - 3*f**2 - 6*f + 19. What is i(2)?
-205
Let l(u) = u**3 - 48*u**2 + u + 22. Calculate l(48).
70
Let s(u) = u**3 - 19*u**2 - 5*u + 20. Calculate s(19).
-75
Let h(w) = w**3 + 10*w**2 + 24*w + 13. What is h(-7)?
-8
Let s(y) = -1220*y - 3675. Give s(-3).
-15
Let q(f) = f**3 - 44*f**2 - 7*f + 125. Give q(44).
-183
Let o(u) = 3487*u + 52308. What is o(-15)?
3
Let n(y) = 2784*y + 41799. What is n(-15)?
39
Let h(u) = u**3 - 33*u**2 + 60*u + 131. Give h(31).
69
Let z(r) = 3*r**3 - 61*r**2 - 43*r + 24. Calculate z(21).
3
Let h(r) = -1167*r + 10496. Give h(9).
-7
Let i(m) = 15*m - 227. Give i(5).
-152
Let j(d) = d**3 + 8*d**2 - 4*d + 15. What is j(-7)?
92
Let f(y) = y**3 + 25*y**2 - 3*y - 57. What is f(-25)?
18
Let k(p) = 4*p**2 + 10*p - 58. Determine k(-5).
-8
Let o(d) = d**3 + 10*d**2 + d - 3. Calculate o(2).
47
Let c(q) = -2*q**2 - 93*q + 194. Give c(-49).
-51
Let x(m) = 2*m**2 - 58*m - 9812. Give x(-57).
-8
Let t(f) = -55*f - 799. Determine t(-15).
26
Let j(o) = 5*o**3 - 16*o**2 + 14*o + 3. Give j(2).
7
Let a(i) = 69*i + 201. Determine a(-6).
-213
Let q(b) = -b**3 - 8*b**2 - 21*b - 14. Give q(-8).
154
Let o(b) = 2*b**3 + 81*b**2 + 186*b - 151. Give o(-38).
1
Let o(p) = -5*p**2 - 112*p - 347. Give o(-19).
-24
Let a(i) = -11*i**2 + 183*i - 4. Determine a(0).
-4
Let x(i) = 113*i - 1919. Determine x(17).
2
Let u(l) = 450*l - 2279. Calculate u(6).
421
Let v(r) = -r**2 + 117*r - 565. What is v(5)?
-5
Let i(h) = -3*h**2 + 448*h - 3525. What is i(141)?
0
Let h(d) = d**2 - 12*d + 23. Determine h(6).
-13
Let a(k) = -k**3 + 21*k**2 + 134*k + 4. What is a(-5)?
-16
Let v(z) = 4*z**2 + 602*z - 1529. Determine v(-153).
1
Let f(q) = 15*q**2 + 359*q + 948. Determine f(-3).
6
Let z(r) = -2*r**3 - 6*r**2 + 5*r + 27. Give z(-4).
39
Let p(w) = w**2 + 48*w + 355. What is p(-39)?
4
Let l(h) = 2*h**2 + 65*h + 195. Give l(-27).
-102
Let m(h) = -12*h**2 - 310*h + 40. Calculate m(-26).
-12
Let v(p) = 2*p**2 - 33*p - 72. Calculate v(-2).
2
Let o(h) = -2*h**2 - 2*h + 307. What is o(-13)?
-5
Let a(n) = 2*n**2 - 14*n + 166. What is a(15)?
406
Let w(n) = n**2 + 97*n + 634. What is w(-91)?
88
Let w(d) = -7*d + 368. Calculate w(53).
-3
Let h(p) = p**2 + 104*p + 480. Determine h(-99).
-15
Let c(x) = -x**3 + 74*x**2 - 469*x - 8. Determine c(67).
-8
Let b(i) = i**3 - 8*i**2 - 12*i + 60. What is b(9)?
33
Let j(r) = -2*r**3 - 33*r**2 - 13*r + 62. Determine j(-16).
14
Let y(o) = -464*o - 6029. Determine y(-13).
3
Let j(x) = x**3 - 15*x**2 - 15*x + 37. Determine j(16).
53
Let j(i) = -243*i - 3927. What is j(-16)?
-39
Let m(c) = c**3 - 17*c**2 + 11*c + 62. What is m(16)?
-18
Let o(v) = 17*v - 438. Give o(50).
412
Let y(s) = 4*s**3 - 2*s**2 - 8*s + 48. Calculate y(5).
458
Let p(j) = -j**3 + 23*j**2 + 128*j + 262. Give p(28).
-74
Let n(j) = -136*j + 211. Determine n(1).
75
Let w(n) = -16*n + 52. What is w(-18)?
340
Let m(c) = 2*c**2 + 7*c - 39. Determine m(-12).
165
Let z(o) = 4*o**3 - o**2 - 7*o + 1. Determine z(-5).
-489
Let l(t) = -t**3 + 22*t**2 - 103*t - 2. Calculate l(7).
12
Let d(s) = 388*s + 4256. Determine d(-11).
-12
Let l(s) = 3*s**2 + 27*s + 34. Give l(-1).
10
Let u(w) = 8*w**2 + 57*w + 95. What is u(-6)?
41
Let n(i) = -4*i**3 + 2*i**2 - i + 115. What is n(0)?
115
Let w(h) = 9*h**2 + 23*h - 4. What is w(2)?
78
Let v(d) = d**2 - 23*d - 674. Calculate v(40).
6
Let j(c) = -18*c - 32. Determine j(-15).
238
Let r(k) = k**3 - 65*k**2 + 190*k + 1. Calculate r(3).
13
Let l(k) = -21*k**2 + 57*k - 2. Determine l(2).
28
Let m(y) = 4*y**2 - 132*y + 686. Determine m(6).
38
Let o(d) = -2*d**2 + 2*d + 15. Calculate o(3).
3
Let g(n) = 2*n**2 - 46*n + 284. Give g(8).
44
Let t(b) = -9*b**2 + 61*b + 6. What is t(7)?
-8
Let o(g) = -g**3 - 13*g**2 + 21*g - 21. Determine o(-15).
114
Let k(m) = -60*m + 582. Calculate k(10).
-18
Let x(s) = -s**3 - 12*s**2 - 22*s - 4. What is x(-9)?
-49
Let r(u) = 6*u**2 - 195*u - 2403. Give r(42).
-9
Let c(i) = -9*i**3 + 31*i**2 - 4*i - 23. Determine c(3).
1
Let g(r) = 51*r + 807. Calculate g(-16).
-9
Let o(b) = -237*b + 4327. Determine o(18).
61
Let c(w) = w**2 + 16*w + 76. Give c(-6).
16
Let f(q) = 2*q**2 + 61*q + 130. What is f(-19)?
-307
Let b(l) = 6*l**2 - 220*l - 3254. Determine b(48).
10
Let v(k) = k**3 - 3*k**2 + 17*k - 57. Determine v(3).
-6
Let l(m) = m**3 - 20*m**2 + 25*m - 497. Determine l(20).
3
Let t(n) = 33*n + 20. What is t(-2)?
-46
Let n(y) = -2*y**2 - 1089*y + 13350. Give n(12).
-6
Let b(n) = 2*n**3 - 87*n**2 + 26*n + 132. Calculate b(43).
-599
Let f(x) = -15*x**3 + 6*x**2 - 47*x - 178. Determine f(-3).
422
Let b(i) = 11*i**2 - 99*i + 61. What is b(8)?
-27
Let f(d) = 2*d**2 + 9*d + 15. What is f(-6)?
33
Let w(m) = 2*m**2 - 3*m - 125. Determine w(-10).
105
Let k(p) = p**3 + 4*p**2 + 13*p - 3. What is k(-7)?
-241
Let r(z) = -66*z + 9615. What is r(146)?
-21
Let j(p) = -p**3 + 2*p**2 + 11*p - 22. What is j(2)?
0
Let k(r) = 2531*r + 68306. Give k(-27).
-31
Let i(v) = v**2 + 2*v + 6. Give i(2).
14
Let a(p) = -52*p - 86. Calculate a(-11).
486
Let l(q) = -2*q**3 + 42*q**2 + 329*q - 77. Give l(27).
58
Let k(d) = d**3 - 13*d**2 + 20*d - 74. Determine k(12).
22
Let q(k) = -2*k**2 - 239*k - 7037. What is q(-66)?
25
Let b(s) = s**3 - 161*s**2 + 10*s - 1627. Give b(161).
-17
Let c(a) = -137*a + 11212. Calculate c(82).
-22
Let q(d) = 11*d**2 + 1252*d - 251. Give q(-114).
-23
Let a(d) = d**3 + 91*d**2 - 704*d - 1757. Give a(-98).
7
Let x(t) = -2*t**2 - 54*t + 564. Determine x(-35).
4
Let l(m) = m**3 - 68*m**2 - 147*m + 598. Determine l(70).
108
Let r(i) = 135*i**2 - 12*i - 3. Give r(-2).
561
Let j(a) = -5*a**2 + 390*a + 384. Give j(79).
-11
Let t(s) = -5*s**3 + 67*s**2 + 46*s - 59. What is t(14)?
-3
Let w(q) = q**2 + 20*q - 439. What is w(14)?
37
Let o(b) = -b**2 - 120*b + 963. What is o(8)?
-61
Let a(z) = z**2 - 14*z - 144. Give a(-7).
3
Let z(y) = y**2 + 62*y + 876. Give z(-31).
-85
Let b(p) = -2*p**2 - 88*p - 251. Give b(-41).
-5
Let z(g) = -g**3 + 55*g**2 - 546*g + 4. Calculate z(42).
4
Let y(l) = 3*l**2 + 110*l - 36. Determine y(-37).
1
Let i(o)